ert -927127 (base 13) to base 3.
-20102110121001
-2122003310 (base 4) to base 9
-1161542
Convert -1042454 (base 7) to base 14.
-349d4
Convert -421143054 (base 6) to base 12.
-255aa8a
29c93 (base 13) to base 14
20b3d
What is 4503644 (base 7) in base 13?
1660b2
-22355006 (base 7) to base 12
-79a56b
-10011011100010001111100 (base 2) to base 7
-61214545
-36160714 (base 8) to base 6
-441444300
What is 13099 (base 14) in base 15?
dcdd
Convert 200102111212 (base 3) to base 11.
228546
-11000000001110101010 (base 2) to base 11
-498621
What is -1819727 (base 11) in base 10?
-3087465
What is 1551266 (base 7) in base 11?
136a08
What is -315dc1 (base 14) in base 7?
-20115631
Convert -4435672 (base 8) to base 3.
-2020201010222
What is 15662126 (base 7) in base 3?
2212121201212
-11122111111022 (base 3) to base 7
-26665532
What is 1001000110010010 (base 2) in base 4?
21012102
-2416 (base 7) to base 5
-12040
-10961b1 (base 14) to base 7
-124040011
What is 12548834 (base 9) in base 10?
6173851
-31402234 (base 5) to base 6
-5344431
What is -c0d620 (base 14) in base 12?
-2210290
Convert -5881c (base 13) to base 4.
-213133132
Convert -3022243344 (base 5) to base 6.
-333445255
Convert 11101011111111 (base 2) to base 14.
570b
Convert db62c (base 14) to base 7.
4340355
What is a7140 (base 11) in base 4?
212003310
What is 1212011232 (base 4) in base 16?
6616e
Convert -1101000111111000000 (base 2) to base 3.
-210211212112
Convert -1351250 (base 7) to base 3.
-100011200002
What is -122212120200 (base 3) in base 4?
-1111320321
What is 20021010010 (base 3) in base 11?
84698
Convert -207561 (base 9) to base 2.
-11110001100001101
-146ba (base 14) to base 3
-2120120222
What is 1a8dfe (base 16) in base 5?
421142121
What is -113431505 (base 6) in base 13?
-599981
Convert -200001210100 (base 3) to base 4.
-1112310033
What is -316da (base 14) in base 16?
-1d240
-17a436 (base 11) to base 16
-43b7b
What is 2000100002202 (base 3) in base 2?
100000101000111001101
What is 111101011100011000000111 (base 2) in base 5?
13110411030
1605872 (base 10) to base 9
3016752
-2101144103 (base 5) to base 9
-8112063
Convert 492aa6 (base 13) to base 6.
101250345
-32942 (base 14) to base 8
-357276
Convert 4b3564 (base 12) to base 8.
4541134
What is 10214001413 (base 5) in base 16?
a314f5
Convert -12760146 (base 8) to base 4.
-22332001212
10405454 (base 11) to base 5
20123413243
What is -21104574 (base 8) in base 6?
-240134352
Convert -225a9 (base 11) to base 5.
-2021133
-460148 (base 9) to base 10
-275687
Convert -12020220120 (base 3) to base 16.
-1941c
What is 75b1b (base 12) in base 4?
211330013
Convert -48975 (base 10) to base 7.
-262533
-16202a (base 15) to base 2
-100000101001101011011
-2a412 (base 12) to base 14
-178aa
What is 131222222213 (base 4) in base 7?
123050165
-99310c (base 13) to base 14
-69bd2a
What is 12111200010 (base 3) in base 15?
221a6
Convert -252053451 (base 6) to base 16.
-4a2687
Convert 63054 (base 7) to base 8.
36162
-4192a78 (base 11) to base 10
-7383021
11300133133 (base 4) to base 7
15554263
Convert -1173683 (base 10) to base 3.
-2012121222202
-81085 (base 9) to base 6
-1050422
What is 296084 (base 11) in base 9?
773606
What is 243023134 (base 6) in base 12?
166aaaa
What is 29ca23 (base 13) in base 8?
3727206
-245541153 (base 6) to base 9
-8848746
Convert 10e0dd (base 15) to base 12.
32ab01
1101000011011100100101 (base 2) to base 15
478dc9
What is 111100100010010110000 (base 2) in base 3?
10201210002001
Convert -3356a74 (base 12) to base 9.
-20426477
What is -4685673 (base 9) in base 8?
-11532447
Convert 1877a7 (base 11) to base 7.
2310664
-5da6b (base 16) to base 11
-242223
What is 10102132103 (base 4) in base 9?
2103148
Convert -139692 (base 10) to base 5.
-13432232
Convert 1d7c9b (base 16) to base 6.
105230255
Convert 1300100303 (base 4) to base 6.
13504455
What is 9aa0363 (base 11) in base 6?
1431222533
What is -323231132 (base 4) in base 12?
-b9652
-12022120010022 (base 3) to base 15
-3ac398
Convert -4504554 (base 6) to base 14.
-5c806
Convert 826aa4 (base 11) to base 14.
26785a
-2231717 (base 8) to base 12
-251013
Convert -b334 (base 13) to base 11.
-17630
What is 132221331 (base 4) in base 13?
451cb
What is -21020212212 (base 3) in base 11?
-98318
104724 (base 11) to base 10
167248
What is -1234a55 (base 11) in base 5?
-1022103210
What is 544030 (base 6) in base 11?
30850
605965 (base 11) to base 10
974121
What is 669651 (base 11) in base 14?
1dab61
Convert -4524742 (base 8) to base 13.
-33a967
What is -1125323520 (base 6) in base 13?
-27b495a
Convert -4129c (base 13) to base 14.
-30868
66b061 (base 16) to base 11
3887243
What is -5acabb (base 16) in base 4?
-112230222323
Convert 6110504 (base 7) to base 3.
1100211222212
-11233202 (base 6) to base 10
-346754
What is 1111101001100010100110 (base 2) in base 15?
560775
-1561345 (base 11) to base 16
-28afa5
130355 (base 7) to base 6
304005
Convert ab2c (base 15) to base 11.
25280
Convert -81e98e (base 15) to base 8.
-27434472
Convert -483cc4 (base 14) to base 11.
-1437311
-20341133 (base 6) to base 10
-588657
Convert 130330222010 (base 4) to base 2.
11100111100101010000100
What is 22223323200 (base 4) in base 3?
12021022202200
What is ce7b (base 16) in base 3?
2200111202
What is 2141223324 (base 5) in base 8?
21530604
Convert 42e445 (base 16) to base 3.
22020201110110
Convert 17a8688 (base 11) to base 15.
405ab8
What is -24399 (base 16) in base 6?
-3102533
What is -2267216 (base 9) in base 7?
-13263153
What is -30243233 (base 5) in base 8?
-733560
249346 (base 11) to base 4
1133331202
What is -122111223011 (base 4) in base 14?
-cba31b
-1222211020211 (base 3) to base 6
-34412421
2105492 (base 12) to base 15
830e6b
What is 69968 (base 12) in base 16?
22820
What is 324213 (base 5) in base 15?
34a8
What is -3313274 (base 8) in base 15?
-128d06
What is 12202202100 (base 3) in base 6?
2233400
-10330032 (base 5) to base 15
-1b747
What is -227a650 (base 11) in base 14?
-759146
Convert -253004522 (base 6) to base 7.
-56435351
Convert 311310000 (base 5) to base 9.
2353741
Convert -20731722 (base 9) to base 3.
-200211001210202
What is 202403232 (base 5) in base 13?
22b937
What is -4333434 (base 5) in base 11?
-50865
What is -47a5397 (base 11) in base 10?
-8367135
Convert 34568 (base 9) to base 5.
1214231
What is 2b2dd (base 14) in base 8?
322123
Convert 9f25 (base 16) to base 2.
1001111100100101
-582010 (base 13) to base 10
-2089360
Convert 4787e4 (base 15) to base 11.
1a26aa5
-32360a (base 11) to base 2
-1111110010000101100
1aa667a (base 12) to base 8
25557076
-9a7584 (base 12) to base 11
-143006a
Convert -100001100111110000111 (base 2) to base 9.
-2058224
Convert -450835 (base 10) to base 2.
-1101110000100010011
Convert 1414323 (base 5) to base 7.
151351
What is 67767 (base 10) in base 6?
1241423
Convert 33064256 (base 7) to base 2.
1010110101001111000101
Convert 2981b (base 15) to base 6.
2505455
Convert -405806 (base 9) to base 6.
-5053223
What is 662660 (base 7) in base 3?
12220111022
What is 112112311030 (base 4) in base 3?
102000202100101
What is 8c29c (base 14) in base 12?
14526a
Convert -56339 (base 13) to base 11.
-a7681
What is -21430121 (base 5) in base 9?
-313474
What is -211221124 (base 5) in base 9?
-1584707
-1148308 (base 9) to base 15
-c4812
-2453315 (base 6) to base 3
-20200121102
2203136 (base 7) to base 5
32120032
Convert b368 (base 16) to base 4.
23031220
Convert -141590 (base 11) to base 12.
-a832a
What is -610045 (base 7) in base 10?
-103276
What is 74978 (base 15) in base 5?
43320023
1010001111111101 (base 2) to base 6
522205
-3312011000 (base 4) to base 5
-224223221
5d2adc (base 16) to base 10
6105820
What is 2647464 (base 8) in base 12?
2b8b04
6e0977 (base 15) to base 9
10817134
Convert 13318 (base 16) to base 3.
10222211201
Convert -1002412 (base 10) to base 13.
-291358
What is 200100101100 (base 3) in base 15?
72009
Convert -10bfa0 (base 16) to base 11.
-68a738
-51432002 (base 6) to base 9
-2707532
What is -5b5b1 (base 14) in base 9?
-370401
What is 4005541 (base 6) in base 14?
4c6a1
What is 1b534a (base 15) in base 4?
11011221232
1121212300 (base 4) to base 10
367024
What is 1af98c (base 16) in base 12?
713064
What is -1a133 (base 12) in base 11?
-26777
Convert 120001211210 (base 3) to base 14.